 0, -p*z = 2*y - 1152. What are the prime factors of z?
2, 29
Let j be (-1423)/(-6) - (-5)/(-30). Suppose 71 = h + 3*m, -3*h + j = -0*h + m. Suppose -2*l = 4*c - h, 0 = -l - 0*l - c + 44. List the prime factors of l.
2, 3
Let p(r) = -9*r**2 - 282*r - 9. List the prime factors of p(-14).
3, 5, 29
List the prime factors of ((54/10)/9)/(3/330).
2, 3, 11
Let z(l) = -l**2 + 10*l - 10. Let y(x) = x**2 + x + 1. Let o(c) = 2*y(c) + z(c). List the prime factors of o(-15).
37
Suppose w = -u + 4, 4*w = -0*w + u + 6. Let d = 28 + w. Suppose 0 = -5*s + 3*s + d. What are the prime factors of s?
3, 5
Let q(h) = h + 7. Let g be q(-14). Let f = 31 - g. Suppose -3*s = 4*p - 178, s - p = f + 12. What are the prime factors of s?
2, 3
Let u be (0 + (8 - 7))/(0 - 1). Let j be (3 - -1)*5/4. Let v = u + j. List the prime factors of v.
2
Let w = -30 - -32. Suppose 32 - 6 = w*q. Let a = q - -23. What are the prime factors of a?
2, 3
Suppose -4*b + 2*f + 18 = 0, -5*f + 11 = 3*b + b. Let j = 32 + -30. Suppose -22 = 4*u - j, 4*k = -b*u + 40. List the prime factors of k.
3, 5
Suppose -34353 = -452*r + 443*r. List the prime factors of r.
11, 347
Let p be 4 - 148/12*3. Let x = -30 - p. Suppose x*s + 172 = 4*y, y - 5*s = -3*y + 172. What are the prime factors of y?
43
What are the prime factors of (63/12 + -3)/((-2)/(-312))?
3, 13
Let d = -4014 + 7610. What are the prime factors of d?
2, 29, 31
What are the prime factors of (2 - 456)/(((-3)/3)/1)?
2, 227
Let d(i) = -i**3 + 7*i**2 - 6*i + 3. Let q be d(6). Suppose 0 = 3*s + q*y, -3*s - 2*s - 4*y = 2. Let z = 17 + s. What are the prime factors of z?
3, 5
List the prime factors of -2 - -2*1263/6.
419
Let f = 21 + -46. Let t be 3/(-15) - (-245)/f. List the prime factors of 60 + (-5)/(t/(-2)).
59
Suppose 0 = -7*i + 3*i. Suppose -q = -i*q - 77. What are the prime factors of q?
7, 11
Let l = -495 + 857. List the prime factors of (l/(-6))/(6/(-18)).
181
Let b = -2 - -7. Suppose -m - 2*v - 2 = -0*v, b*m = -5*v - 5. Suppose -5*z + 56 = -s - m*s, -4*z = 2*s - 56. List the prime factors of z.
2, 3
What are the prime factors of (-1)/(-2) + 43415*(-5)/(-50)?
2, 13, 167
Let t(o) = 14*o**3 + 9*o**2 + 10*o - 8. What are the prime factors of t(4)?
2, 67
Let x(a) be the first derivative of a**3/3 + 9*a**2/2 + 6*a - 36. List the prime factors of x(7).
2, 59
Let l(i) = -260*i**3 + i**2 - i - 2. Suppose -2*f = 14 - 12. List the prime factors of l(f).
2, 5, 13
Let h = 28 + -18. List the prime factors of (-25)/h*88/(-5).
2, 11
Suppose 4*q = s - 0*q - 16, 3*q = -3*s + 3. What are the prime factors of 1/s + (-1100)/(-16)?
3, 23
Let b be 166/4*(1 + -7). Let m = -104 - b. List the prime factors of m.
5, 29
Let a(o) be the first derivative of -3*o**2/2 + 3*o - 2. Let q be a(3). Let s(j) = -j**3 - 6*j**2 - j - 4. List the prime factors of s(q).
2
Let k = 14 + -11. Let i be (3 - (3 - 3)) + k. Suppose i*a = a + 105. List the prime factors of a.
3, 7
Suppose 1018*w = 1022*w - 13644. List the prime factors of w.
3, 379
Let t be (-4)/10 - 162/(-30). Suppose t*r + 5*v = 7*r + 2, -3*r = 4*v + 3. What are the prime factors of r - (-4 - -1) - -37?
3, 13
List the prime factors of (-31 + 21)/((-3)/36).
2, 3, 5
Suppose -1019 + 125 = -2*y. List the prime factors of y.
3, 149
Let h(z) = -66*z**3 + 1. List the prime factors of h(-2).
23
Let m(t) = -t**2 - 14*t + 2. Let y(k) = -k**2 + 8*k - 14. Let f be y(6). Let j(u) = 2*u**3 - 3*u - 4. Let l be j(f). What are the prime factors of m(l)?
2
Let t be (2/(-4))/((15/1434)/(-5)). Suppose -4*m = -t - 153. What are the prime factors of m?
2, 7
Let j(w) = -5*w**3 - 2*w**2 + 2*w + 3. Let s be j(-1). Suppose 0 = -4*p + p - 5*o + 97, -o = s*p - 135. List the prime factors of p.
2, 17
Let z = 3 - -1. Suppose -72 = -z*g - 0. What are the prime factors of g?
2, 3
List the prime factors of (-12)/(-20) - 173006/(-115).
5, 7, 43
What are the prime factors of 7 - (-4 - -12 - -5) - -5888?
2, 17, 173
Let c(x) = 2*x**2 - 6*x + 2. Let d = -55 - -61. List the prime factors of c(d).
2, 19
Let h(r) be the second derivative of r**3/6 - 9*r**2/2 + 3*r. Let u be h(12). Suppose -u*o = o - 156. List the prime factors of o.
3, 13
List the prime factors of (-1)/((-6)/4374*3).
3
Let s = 1142 + -372. List the prime factors of s.
2, 5, 7, 11
Let b(y) = y**3 - 6*y**2 + 3*y + 3. Let o be b(6). Let h = 0 - 1. Let u = o - h. List the prime factors of u.
2, 11
Let g be (3 - 4)*-4 + 45. List the prime factors of (-204)/(-14) + (315/g - 6).
3, 5
Let k = 1598 - 967. What are the prime factors of k?
631
Let c = -23 - -23. Suppose c = 2*d + 4*q - 24, 3*d - 47 = -0*d + 5*q. Let b = -9 + d. List the prime factors of b.
5
Suppose 0 = 3*z - o - 39 - 89, 0 = 3*z - 5*o - 112. Let h be (-3 + 72)/((-6)/(-4)). Suppose z*x - h*x + 50 = 0. What are the prime factors of x?
5
Let n(p) = -18*p - 1. Suppose -5*k - 20 = 0, -4 = -4*z + 2*k - 0*k. What are the prime factors of n(z)?
17
Let s(f) = f**2 + 1. Let y(i) = -8*i**2 - 1. Let v(u) = -2*s(u) - y(u). Let l be -1 + (2 - (5 + -2)). List the prime factors of v(l).
23
Suppose -6869 = -6*l + 2281. What are the prime factors of (-1*6/5)/((-10)/l)?
3, 61
Suppose 4*k = 5 - 17. What are the prime factors of k - (0 + (2 - 110))?
3, 5, 7
Suppose -9*c + 7*c = -118. What are the prime factors of (-6 + 5)*-1*c?
59
Let s = 3549 + -300. List the prime factors of s.
3, 19
Suppose 28*n = 111544 - 19200. What are the prime factors of n?
2, 17, 97
Suppose -26 = -3*r - 4*v, 2*v + 1 = -4*r + 19. Suppose 0 = 2*b - 5*d - 248, -b = 2*d + r*d - 111. What are the prime factors of b?
7, 17
What are the prime factors of 2/(-6) + 1338/18?
2, 37
Let g = 923 + -568. List the prime factors of g.
5, 71
Let a(p) = -p**3 - 7*p**2 + 11*p - 13. Let t = 17 + -17. Suppose t = 2*g + 10, 0 = 2*c + 2*c + 4*g + 56. What are the prime factors of a(c)?
2, 5
Let k = 17 + -14. Let m(u) = 2 - 15*u**k + 13*u**2 - 1 - 11*u**2 + 2*u. List the prime factors of m(-1).
2
Let p be 318/8 + (-6)/(-24). Let j = p - -1. What are the prime factors of j?
41
Let j = 445 - 115. Suppose -3*b + 2*u + 65 + j = 0, 4*b - u - 535 = 0. List the prime factors of b.
3, 5
Suppose 85 = -4*f - 3. Let k = f - -44. List the prime factors of k.
2, 11
Let w(q) be the third derivative of q**4/24 + 19*q**3/6 + 8*q**2. What are the prime factors of w(-16)?
3
Let t(x) be the second derivative of x**5/20 + x**4 + 7*x**3/6 + 11*x**2 + 4*x. What are the prime factors of t(-10)?
2, 19
Suppose -3*p = -p - 114. Let j = -234 - -203. Let h = j + p. What are the prime factors of h?
2, 13
Suppose 0*m + 5*m = 2*m. Suppose -3*w + 5*y + 338 = m, 3*w - 247 = w - y. List the prime factors of w.
11
Let g(h) = -h**3 + 4*h**2 + 5*h - 5. Let a be (-7 - 0)*(-6)/14. List the prime factors of g(a).
19
Suppose 4*n - 2*j - 3 = 11, 2*j = -2. Let u be 0 + -7 + n + 2. List the prime factors of 0/(-4) - 0 - u.
2
Suppose 0 = -0*l + 5*l + 65. Let s = 2 + 24. Let r = l + s. List the prime factors of r.
13
Suppose n + 2*f - 3 = 3, 0 = 2*n - 3*f + 9. Suppose 5*x - 32 - 18 = n. Suppose 3*s + 2*o - 13 = 0, -2*s + 1 = -o - x. List the prime factors of s.
5
Let n(l) = -l**3 - l**2 - 3*l + 4. Let b be (2 - (14 - 4))/2. Let x be n(b). Let d = x + -25. What are the prime factors of d?
3, 13
Let l(n) = -3*n + 486. List the prime factors of l(-13).
3, 5, 7
Let q(b) = b**3 + 20*b**2 - 24*b + 2. Let d = -57 + 36. List the prime factors of q(d).
5, 13
Let z(k) be the second derivative of 0 - k**2 - 2*k - 1/2*k**3. List the prime factors of z(-3).
7
Let c(k) = -k**2 - 4*k + 14. Let s be c(-6). Let f be (-7)/((-14)/4) - s. Suppose -4*m + 2*p + 164 = f, 0 = p - 3 - 1. What are the prime factors of m?
43
Suppose 5*w - 2*v = 124 + 9, 42 = 2*w + 2*v. Let u(h) = -w*h - 4 + 3*h + 5. What are the prime factors of u(-1)?
23
Suppose 2*m + 3*t + 10 = 0, -4*m + t - 26 = 8. Let a = m + 13. Suppose -123 = -a*y + 3*u, -y - 4*u = -3*y + 38. What are the prime factors of y?
3
Suppose q + 5904 = 10*q. List the prime factors of q.
2, 41
Let l(y) = -y**2 + 20*y + 21. Let j be l(10). Suppose 5*d = 3*s + 745, 3*d - 5*s = 4*d - j. What are the prime factors of d?
2, 73
Let x = 33 - 30. Suppose -780 = -x*i - 7*i. List the prime factors of i.
2, 3, 13
Let d be 3*(10/15)/1. Suppose d*i - 81 + 1 = 2*x, -3*i = -x - 110. What are the prime factors of i?
5, 7
Suppose -28*x = 7*x